 = -3497*r - 1412783. Give v(-404).
5
Let r(l) = l**3 - 20*l**2 + 167*l - 3570. Calculate r(19).
-758
Let s(f) = -20052*f - 22057196. Determine s(-1100).
4
Let u(n) = n**3 - 25*n**2 + 371*n - 12. Determine u(0).
-12
Let q(b) = -394*b - 8333. Determine q(-27).
2305
Let v(f) = -431*f - 37924. What is v(-88)?
4
Let f(v) = 4052*v - 3063317. Determine f(756).
-5
Let b(x) = 4*x**3 + 159*x**2 + 835*x + 2001. Determine b(-34).
199
Let u(n) = 2*n**2 + 1951*n - 15726. Give u(8).
10
Let u(h) = -h**3 + 92*h**2 - 1479*h - 701. Determine u(71).
151
Let y(f) = -28637*f - 1231403. Determine y(-43).
-12
Let g(x) = 2*x**2 + 6443*x - 684852. Give g(103).
-5
Let y(m) = -2175*m - 93466. Calculate y(-43).
59
Let w(z) = z**3 - 55*z**2 - 1259*z - 2999. Determine w(-15).
136
Let p(g) = -4002*g**3 + 22*g**2 + 28*g + 7. Give p(-1).
4003
Let k(i) = 21901*i - 153321. What is k(7)?
-14
Let f(l) = -903084*l - 19867838. What is f(-22)?
10
Let f(n) = 1124*n + 19437. Give f(-16).
1453
Let q(s) = -3819*s + 267338. Give q(70).
8
Let b(m) = 69133*m + 276504. Calculate b(-4).
-28
Let d(c) = 6626*c + 12176. Calculate d(-2).
-1076
Let b(i) = 2*i**3 + 67*i**2 + 41*i + 101. Determine b(-33).
-163
Let t(x) = -x**3 - 42*x**2 + 139*x + 2045. What is t(0)?
2045
Let a(v) = 125901*v + 1888505. Determine a(-15).
-10
Let d(c) = -6*c**2 + 209*c + 1178. What is d(43)?
-929
Let r(l) = 6*l**2 + 148*l + 919. Give r(-12).
7
Let v(s) = 132*s + 6576. Give v(-50).
-24
Let z(v) = 4066*v + 772545. Determine z(-190).
5
Let c(m) = -m**3 - 77*m**2 - 356*m - 147. Determine c(-72).
-435
Let o(c) = c**3 + 295*c**2 + 5488*c - 254. Determine o(-20).
-14
Let v(n) = -112*n + 3650. Determine v(34).
-158
Let m(a) = -212*a**3 - 2*a**2 + 59*a + 118. Calculate m(-2).
1688
Let m(o) = -2036*o + 4699. Determine m(2).
627
Let p(y) = -682*y - 51166. Give p(-75).
-16
Let q(r) = 8*r**3 + 162*r**2 - 834*r + 128. What is q(5)?
1008
Let w(x) = -1593*x**2 + 23874*x + 220. Determine w(15).
-95
Let i(c) = -132867*c - 43447514. Calculate i(-327).
-5
Let c(d) = -4791*d - 57305. Determine c(-12).
187
Let c(y) = -32*y**3 - 29*y - 68. Give c(-2).
246
Let v(n) = 3*n**2 - 995*n + 78335. Give v(202).
-243
Let a(p) = 43*p**3 + 1588*p**2 - 83*p + 1045. Determine a(-37).
9
Let d(n) = 5622*n + 44417. Calculate d(-8).
-559
Let j(d) = -1448*d + 680573. Determine j(470).
13
Let j(h) = -497*h**2 - 65602*h - 151. Determine j(-132).
-415
Let h(j) = -j**2 + 246*j - 5496. Give h(221).
29
Let j(a) = -3*a**2 + 10011*a + 80240. What is j(-8)?
-40
Let k(r) = -r**2 + 38285*r + 459541. What is k(-12)?
-23
Let h(a) = -48*a**2 + 458*a - 7. Calculate h(9).
227
Let b(g) = 161*g + 4108. Determine b(-24).
244
Let f(x) = 77*x**2 - 115*x + 237. Calculate f(2).
315
Let m(h) = 6*h**2 + 2328*h - 146332. Determine m(-443).
-142
Let s(m) = 8855*m + 885434. Calculate s(-100).
-66
Let u(j) = 5169*j + 222293. Give u(-43).
26
Let v(y) = -y**3 - 26*y**2 - 78*y - 61. Give v(-11).
-1018
Let j(x) = -x**2 + 245*x - 7390. Calculate j(36).
134
Let y(u) = -62*u**2 + 561*u - 104. Give y(9).
-77
Let w(x) = -1598*x - 6586. Calculate w(-4).
-194
Let m(i) = -33893*i + 2135271. What is m(63)?
12
Let w(y) = 4*y**2 + 34*y - 700. Determine w(-18).
-16
Let n(i) = -16*i**2 - 226*i + 1300. What is n(5)?
-230
Let f(m) = -1729*m + 338873. What is f(196)?
-11
Let s(f) = 60865*f + 244048. Calculate s(-4).
588
Let p(q) = -29*q**2 - 527*q + 445. Determine p(-19).
-11
Let z(t) = 2*t**3 - 36*t**2 + 271*t - 2228. Give z(14).
-2
Let i(h) = 491*h + 49386. What is i(-100)?
286
Let d(v) = -303*v + 1641. Determine d(4).
429
Let q(d) = d**2 + 420*d - 24030. Determine q(51).
-9
Let f(m) = -m**3 - 30*m**2 - 266*m - 667. Determine f(-14).
-79
Let w(x) = x**3 - 141*x**2 - 445*x + 404. Give w(144).
-1468
Let r(d) = 2610*d + 2455. Determine r(-2).
-2765
Let o(x) = x**3 + 132*x**2 + 228*x + 12703. Determine o(-131).
-4
Let d(f) = 522*f + 8248. Calculate d(-17).
-626
Let c(h) = -h**3 - 108*h**2 - 168*h - 6514. Determine c(-107).
13
Let t(y) = 3*y**3 + 593*y**2 - 700*y - 99403. Determine t(-198).
-7
Let j(q) = -1883*q - 22644. Determine j(-12).
-48
Let u(i) = i**3 - 62*i**2 - 1816*i - 2684. Determine u(84).
4
Let x(u) = 7445*u + 186121. What is x(-25)?
-4
Let d(v) = 13740*v + 7790573. Give d(-567).
-7
Let z(g) = 15*g**2 + 287*g + 1048. What is z(-5)?
-12
Let w(i) = -3*i**3 - 62*i**2 - 143*i - 2043. Give w(-20).
17
Let i(x) = 2*x**2 - 191083*x + 573239. Give i(3).
8
Let i(u) = -4*u**2 + 252*u - 745. Calculate i(14).
1999
Let r(g) = g**3 - 2*g**2 - 41*g - 98. What is r(-8)?
-410
Let c(r) = -2*r**3 + 7*r**2 + 282*r - 1179. Determine c(4).
-67
Let j(d) = -9*d**2 + 263*d - 199. Determine j(29).
-141
Let n(g) = 608*g - 3065. Calculate n(5).
-25
Let t(u) = 4*u**2 + 28*u - 1561. Calculate t(21).
791
Let k(p) = 97*p**2 - 464*p + 2222. Give k(5).
2327
Let q(i) = 52188*i - 366242. What is q(7)?
-926
Let y(r) = -r**2 + 94*r - 1407. Give y(32).
577
Let c(d) = -d**3 + 58*d**2 + 241*d + 138. What is c(62)?
-296
Let f(h) = 661569*h - 7277267. Calculate f(11).
-8
Let x(u) = -8*u**3 + 9*u**2 - 22*u - 349. Give x(0).
-349
Let j(k) = -12*k**2 + 1921*k - 11255. Calculate j(154).
-13
Let y(s) = 3*s**3 + 11*s**2 - 302*s - 937. Determine y(-3).
-13
Let s(h) = 86814*h - 520889. What is s(6)?
-5
Let p(b) = -b**3 + 48*b**2 + 800*b - 41078. What is p(46)?
-46
Let c(x) = 1970*x + 39299. Give c(-20).
-101
Let a(c) = -c**3 + 44*c**2 + 4277*c - 10. Calculate a(91).
-10
Let o(s) = -2*s**2 - 4190*s + 42103. Give o(10).
3
Let r(t) = 2*t**3 + 365*t**2 - 2652*t - 25. What is r(7)?
-18
Let o(p) = -p**3 - 151*p**2 - 5*p - 1014. Calculate o(-151).
-259
Let g(v) = 8*v**3 - 7*v**2 - v + 30. What is g(-3)?
-246
Let a(h) = h**2 - 112*h - 1835. What is a(-19)?
654
Let z(d) = d**2 - 85534*d - 342146. Give z(-4).
6
Let c(k) = -k**3 + 6*k**2 + 98*k - 410. Determine c(0).
-410
Let v(z) = 1477*z + 171. Calculate v(1).
1648
Let k(a) = 304*a**3 - 7*a**2 + 141*a + 142. Calculate k(-1).
-310
Let s(p) = 41*p + 2290. What is s(-30)?
1060
Let k(w) = -w**2 + 159*w + 3646. Give k(-31).
-2244
Let q(k) = -2*k**2 + 302*k - 1608. Calculate q(5).
-148
Let t(p) = 38*p + 1056. Determine t(-5).
866
Let v(i) = -i**3 - 4*i**2 + 153*i + 150. Calculate v(-13).
-318
Let a(y) = -2*y**2 + 9496*y + 305966. Calculate a(-32).
46
Let t(z) = 448*z - 10246. Give t(23).
58
Let m(b) = 10468*b - 115213. Determine m(11).
-65
Let j(z) = -18*z**2 + 200*z + 8641. Determine j(-17).
39
Let g(m) = -11*m**3 - 10*m**2 + 1746*m + 7006. Determine g(-4).
566
Let n(c) = 66*c**2 - 1024*c + 490. Give n(15).
-20
Let u(j) = j**2 + 133*j + 246. Calculate u(-13).
-1314
Let f(w) = w**3 - 66*w**2 + 362*w - 7126. Give f(62).
-58
Let w(v) = -254*v - 306. Determine w(-2).
202
Let q(y) = -28*y**2 + 210*y + 2364. Give q(12).
852
Let q(w) = 200*w + 27245. Calculate q(-123).
2645
Let x(c) = -5*c**2 + 1376*c + 27658. Calculate x(294).
22
Let a(w) = 20*w**2 + 4222*w + 40234. Determine a(-10).
14
Let y(r) = 2*r**3 - 419*r**2 - 3543*r - 496. Determine y(-8).
8
Let v(m) = -4*m**3 + 388*m**2 + 615*m - 21848. Determine v(98).
6
Let u(h) = h**3 + 26*h**2 + 30*h + 453. Calculate u(-23).
1350
Let w(a) = -24*a**2 - 19590*a + 78755. Give w(4).
11
Let c(o) = -2236*o + 20237. Determine c(9).
113
Let k(n) = -119313*n + 715903. What is k(6)?
25
Let n(w) = -6*w**3 - 62*w**2 - 96*w + 7. Determine n(-2).
-1
Let w(k) = 9*k**2 + 149*k + 1577. Give w(-14).
1255
Let i(y) = -y**3 + 296*y**2 + 3472*y - 29176. Determine i(307).
-11
Let c(w) = 743*w + 19241. Determine c(-26).
-77
Let l(s) = 2*s**3 - 9*s**2 - 6713*s + 26854. Give l(4).
-14
Let o(u) = -2*u**2 + 507*u - 8674. Calculate o(18).
-196
Let l(v) = -v**3 + 29*v**2 + 162*v - 1165. Determine l(33).
-175
Let m(d) = -18876*d + 94300. Give m(5).
-80
Let c(y) = -45400*y - 90800. What is c(-2)?
0
Let p(q) = -q**3 + 16*q**2 - 157*q + 1811. Give p(14).
5
Let j(q) = -187*q + 31552. What is j(169)?
-51
Let s(g) = -g**2 + 1169*g + 20115. Give s(-17).
-47
Let j(y) = y**3 + 233*y**2 - 355*y + 83303. Calculate j(-236).
-5
Let h(x) = 635*x + 13211. Calculate h(-17).
2416
Let z(w) = -w**2 + 35*w + 24492. Give z(-140).
-8
Let p(d) = 497*d + 236. Calculate p(4).
2224
Let f(k) = -9*k**3 + k**2 + 41360*k - 41360. What is f(1)?
-8
Let h(c) = 1103*c + 15436. Calculate h(-14).
-6
Let q(o) = -o**2 + 36*o + 1439. C